-100010101
In base 14, what is -50 + 5?
-49
In base 16, what is f + -3b?
-2c
In base 6, what is -225 - 1?
-230
In base 5, what is -124420 + 10?
-124410
In base 4, what is -11 - -200102?
200031
In base 2, what is 11 - 1011101010?
-1011100111
In base 3, what is 1 - -2?
10
In base 11, what is -19 + 0?
-19
In base 2, what is 11 - 1?
10
In base 14, what is 4 - -2?
6
In base 12, what is 11 + 398?
3a9
In base 16, what is -3 + 23?
20
In base 9, what is 62 - -102?
164
In base 6, what is 201440 - 3?
201433
In base 3, what is 101111 + -1200?
22211
In base 16, what is 515 + -5?
510
In base 6, what is -42 + -5?
-51
In base 15, what is -37 - 63?
-9a
In base 5, what is 3 - -1120?
1123
In base 10, what is 960 - 13?
947
In base 11, what is 179 + -45?
134
In base 16, what is 456 + 1?
457
In base 8, what is -206 + 26?
-160
In base 10, what is 329 - 1?
328
In base 2, what is -11 - -11010100?
11010001
In base 15, what is a3 - 1?
a2
In base 7, what is -4 + -122?
-126
In base 4, what is -3032 - -212?
-2220
In base 5, what is 32220 - 3?
32212
In base 3, what is 202202 + 0?
202202
In base 16, what is -5 - -2d9?
2d4
In base 2, what is -10110001001 - 11?
-10110001100
In base 4, what is 1010 - -11?
1021
In base 11, what is 3 - a48?
-a45
In base 14, what is 264 - 5?
25d
In base 2, what is -11010 - -1001?
-10001
In base 13, what is -134 + -3?
-137
In base 12, what is 15b15 + -1?
15b14
In base 16, what is 24 - 5b?
-37
In base 9, what is -77 - 67?
-155
In base 6, what is 3 - -24135?
24142
In base 6, what is -324552 - 3?
-324555
In base 15, what is dd + 0?
dd
In base 14, what is 2 + -656?
-654
In base 14, what is 2a - -33?
5d
In base 11, what is 112 - 105?
8
In base 15, what is 3 + 13?
16
In base 11, what is 3 + -40?
-38
In base 7, what is 452 - -3?
455
In base 9, what is -471 + 4?
-466
In base 2, what is 101 - 10111?
-10010
In base 7, what is -1 - 55?
-56
In base 8, what is 32 + 200?
232
In base 16, what is 2 - 57?
-55
In base 13, what is -62 + -23?
-85
In base 12, what is 62a + 4?
632
In base 13, what is b0 + 6?
b6
In base 13, what is -5 - 24b?
-253
In base 13, what is -204 + 1?
-203
In base 2, what is -101 - 1100001?
-1100110
In base 9, what is -1 + 7?
6
In base 2, what is 10 + 1000000011100?
1000000011110
In base 3, what is 211 + 110?
1021
In base 6, what is 21213 + 1?
21214
In base 9, what is -45 - 2?
-47
In base 12, what is 7 - 8b8?
-8b1
In base 14, what is -49 - 3?
-4c
In base 14, what is -2 - 9d?
-a1
In base 11, what is -8 + -9?
-16
In base 9, what is 5 + -3?
2
In base 5, what is -4000 - -1?
-3444
In base 5, what is -4 + -10433?
-10442
In base 9, what is 2 + 7126?
7128
In base 3, what is 20122220 - 10?
20122210
In base 13, what is 80 - -24?
a4
In base 9, what is 44 - 18?
25
In base 14, what is -4 - -1c0c?
1c08
In base 7, what is -10 + -2?
-12
In base 12, what is -50 - -7?
-45
In base 14, what is -3 - -114?
111
In base 10, what is 87 + 3?
90
In base 2, what is 11000100110 + -100?
11000100010
In base 11, what is 3 - 20?
-18
In base 15, what is 5 + 1b9c?
1ba2
In base 4, what is 2 + -103223?
-103221
In base 13, what is 0 + -7a?
-7a
In base 3, what is -100 - 202112?
-202212
In base 2, what is 111010 + 11?
111101
In base 11, what is -171 + 40?
-131
In base 8, what is -4 + -4?
-10
In base 6, what is 4 - -5001?
5005
In base 3, what is 111 - -122?
1010
In base 6, what is 45 + 342?
431
In base 11, what is -4790 - -4?
-4787
In base 15, what is 1 + -1b?
-1a
In base 12, what is -459 - -1?
-458
In base 5, what is 21 + 41?
112
In base 13, what is 37 + -5?
32
In base 11, what is -3 + 3166?
3163
In base 3, what is -1011100 - 12?
-1011112
In base 9, what is -42 + 7?
-34
In base 9, what is -1052 - -1?
-1051
In base 16, what is e + -f?
-1
In base 14, what is 4 + 54?
58
In base 4, what is 1010 - -10131?
11201
In base 12, what is -9 + 38?
2b
In base 13, what is -2 - -201?
1cc
In base 3, what is -1002 - -11?
-221
In base 3, what is 0 + -12220?
-12220
In base 3, what is -11 + -1120012?
-1120100
In base 9, what is -26 - 8?
-35
In base 13, what is -246 - -3?
-243
In base 14, what is 1 + 1134?
1135
In base 2, what is -10 - -11011?
11001
In base 8, what is 10545 - -1?
10546
In base 13, what is 41 - 51?
-10
In base 11, what is 5 + 97?
a1
In base 15, what is 4e - 44?
a
In base 4, what is 10 - -11131?
11201
In base 12, what is -3 + -a75?
-a78
In base 16, what is 1a0 - 8?
198
In base 13, what is 8a + -6?
84
In base 9, what is -15 + -3716?
-3732
In base 3, what is 102 - -2110?
2212
In base 12, what is 185 + -3?
182
In base 3, what is -202 + -121?
-1100
In base 7, what is 264 - 3?
261
In base 6, what is -15150 + -4?
-15154
In base 3, what is -10020 - -1102?
-1211
In base 14, what is -3 + -253c?
-2541
In base 3, what is -110 - 10?
-120
In base 7, what is 0 - 256?
-256
In base 5, what is 4 + 223?
232
In base 4, what is -2120 - -33?
-2021
In base 10, what is -12 - 6?
-18
In base 11, what is -5 + 1635?
1630
In base 6, what is -1 + 14?
13
In base 8, what is -3 - 166?
-171
In base 9, what is -5 + 110?
104
In base 16, what is 31 + 41?
72
In base 14, what is 1 - 4b?
-4a
In base 4, what is 2 - -1100210?
1100212
In base 10, what is 373 - 2?
371
In base 9, what is 5 - -103?
108
In base 11, what is 5 - -1499?
14a3
In base 2, what is 1 - 10111?
-10110
In base 7, what is -246 - 0?
-246
In base 7, what is 5 + -104?
-66
In base 7, what is -46 + 54?
5
In base 3, what is 12010 - -2?
12012
In base 14, what is 3 - -5?
8
In base 9, what is 50568 + 5?
50574
In base 13, what is 6579 - 4?
6575
In base 6, what is 14 - -11?
25
In base 7, what is 14 - 11?
3
In base 11, what is -4 + -2?
-6
In base 6, what is 51 - -5?
100
In base 7, what is -1414 + -2?
-1416
In base 5, what is -203 + -3?
-211
In base 16, what is -88b - 3?
-88e
In base 10, what is -1439 - -3?
-1436
In base 5, what is -2221 + 1?
-2220
In base 15, what is 1 + -2d?
-2c
In base 7, what is -3240 + 5?
-3232
In base 10, what is 14 - -88?
102
In base 12, what is -78 + 14?
-64
In base 4, what is -2213 - 2?
-2221
In base 13, what is 27 + 7?
31
In base 6, what is -124152 + 5?
-124143
In base 6, what is 2 - -432?
434
In base 2, what is -101101 - 1010?
-110111
In base 15, what is -4 + -b?
-10
In base 15, what is 1 - 674?
-673
In base 4, what is 210 - 10?
200
In base 3, what is -2 - 10111012?
-10111021
In base 9, what is 11 + -356?
-345
In base 7, what is 11 - -261?
302
In base 16, what is -58 - d?
-65
In base 6, what is -154 - -4?
-150
In base 6, what is -45 + 3?
-42
In base 2, what is 11 + -10011000?
-10010101
In base 15, what is -5 - 32?
-37
In base 15, what is -13 + 6?
-c
In base 14, what is 13 - -38?
4b
In base 8, what is -4 - 0?
-4
In base 16, what is 6 + -17?
-11
In base 8, what is 3 + 200?
203
In base 4, what is -100 + -13?
-113
In base 8, what is 5 + 211?
216
In base 8, what is -14 - 5?
-21
In base 12, what is 6 - 3?
3
In base 13, what is 6a + -4?
66
In base 9, what is -1 - -14?
13
In base 3, what is -1000002 - 12?
-1000021
In base 9, what is -40 - 7?
-47
In base 11, what is -175 - 83?
-248
In base 7, what is 0 - 20?
-20
In base 13, what is -2c60 + 4?
-2c59
In base 2, what is -101 - -10111001?
10110100
In base 15, what is -5 - -4a?
45
In base 15, what is -13cd - -1?
-13cc
In base 9, what is -5 - 1?
-6
In base 15, what is -1b + 26?
a
In base 8, what is 1 + 1?
2
In base 11, what is 3 + 469?
471
In base 11, what is -3473 - -2?
-3471
In base 9, what is -11 - -3?
-7
In base 5, what is -22 + 4?
-13
In base 8, what is 271 + -12?
257
In base 7, what is 14164 - -2?
14166
In base 3, what is -2 - 1121022?
-1121101
In base 8, what is 150 + -2?
146
In base 10, what is -7 - -34?
27
In base 6, what is 0 + -1314?
-1314
In base 12, what is 12 - 7?
7
In base 11, what is -3212 - -4?
-3209
In base 5, what is 33 + 22?
110
In base 14, what is -19 + -44?
-5d
In base 13, what is 1 - 1b5?
-1b4
In base 10, what is 82 + 0?
82
In base 15, what is 0 + 30?
30
In base 3, what is -11012 + 111?
-10201
In base 4, what is -30 - 131?
-221
In base 12, what is -6 + 247?
241
In base 12, what is -6 + 2a?
24
In base 15, what is -e + 63?
54
In base 2, what is 10010110100 + 0?
10010110100
In base 5, what is -2 + 40?
33
In base 8, what is -127 + 14?
-113
In base 5, what is -1111 + -32?
-1143
In base 12, what is 19 + 5?
22
In base 7, what is -13530 - 4?
-13534
In base 11, what is 1 - a8?
-a7
In base 2, what 